2. Give x(k).
0
Let v(k) be the second derivative of -k**4/12 + k**3/3 + k**2/2 - k. Determine v(4).
-7
Let v(g) = g - 9 + g + 0*g. Let d(k) = -k + 4. Let t(j) = -7*d(j) - 3*v(j). Calculate t(4).
3
Let k(s) = s**3 + 4*s**2 + 4*s - 1. Let t = -19 + 16. What is k(t)?
-4
Let j(r) be the second derivative of 3*r + 3*r**2 - 1/3*r**3 + 0. Determine j(4).
-2
Let w(v) = -6*v + 2. Let n(j) = -2*j - 9. Let q be n(-3). Give w(q).
20
Suppose -f = 2*g - 4*g + 9, 20 = 5*g - 5*f. Suppose 5*i + 3*p = 10, 2*p - 5*p - 2 = -i. Let j(v) = 2 + 1 - 5 + i*v. Calculate j(g).
8
Let f = -9 + 12. Let z(o) = o**3 - 3*o**2 - 1. Give z(f).
-1
Let i(m) = 4*m - 1 + 3*m + 0*m. Let z(r) = r**2 - r + 1. Let c be 0/(1 + (2 - 2)). Let x be z(c). Calculate i(x).
6
Let n(i) be the first derivative of i**3/3 - 2*i**2 - 6*i - 1. Let y = 32 - 27. Give n(y).
-1
Suppose -5*i + 3*y - 51 = -159, 2*i = 4*y + 46. Suppose 0 = -3*v - s - i, 4*s = -s - 15. Let d(h) = 2*h + 5. Calculate d(v).
-7
Let v(g) = 0*g - 2 + 7 - 2*g + 4*g**2 - 6. What is v(2)?
11
Let n be (-2)/((-2)/(-2) - 3). Let w(u) be the third derivative of -u**7/560 + u**5/60 + u**2. Let s(k) be the third derivative of w(k). Give s(n).
-9
Let b be 2/((-3 - -2)*-1). Let a(o) = o + 3*o - o - b*o. Determine a(2).
2
Let o(y) = 4*y - 1. Let r = 20 + -17. Calculate o(r).
11
Let a = -365/42 - -62/7. Let h(o) be the second derivative of -1/2*o**2 + 0 - 1/6*o**3 - o - a*o**4. Calculate h(-1).
-2
Let w(z) = -z - 14. Suppose -2*d = 3*v + 8, 4*d + 2*v = v - 26. Give w(d).
-7
Let t be (-2 - 15/(-6))*0. Suppose -v = -t*v + 2. Let u(r) = -5*r. Determine u(v).
10
Let v be 44/(-10) - 1 - 36/60. Let f(w) = 5*w**3 + 10*w**2 + 7. Let p(i) = -11*i**3 - 21*i**2 - 14. Let z(y) = -9*f(y) - 4*p(y). Determine z(v).
-7
Let f(l) = -l**3 + 4*l**2 + 4*l - 8. Let u(t) = 2*t**3 - 3*t**3 + 3*t**2 - t**3 - 9 + 4*t. Let a(z) = 3*f(z) - 2*u(z). Give a(-5).
-1
Let k(w) = -w**2 - w + 2. Suppose -n + 3 = -0*n. Suppose -12 = 3*t, -4*c + n*t + 27 = c. Give k(c).
-10
Let n(o) = -3*o. Let a be (-13)/(-13)*(-1 - 1). Let r(m) = m**3 + m**2 - 2*m - 2. Let p be r(a). Give n(p).
6
Let w = 22 + -19. Let p(k) be the third derivative of 1/15*k**5 + 0 + 1/6*k**w + 1/24*k**4 + 1/120*k**6 - k**2 + 0*k. Calculate p(-4).
-3
Let o be (1 - -1)/((-8)/20). Let b(j) = -j**2 - 4*j - 4. What is b(o)?
-9
Suppose 0 = -6*u + u - 5. Let t = 2 - u. Let m(n) = n**2 - 6*n + 4. Give m(t).
-5
Suppose -3*s - 1 = 5*x, 4*s - 2*s = -x - 3. Let c(j) = 8*j. What is c(x)?
8
Let a(p) be the third derivative of p**6/120 - p**5/12 + p**4/12 + 15*p**2. What is a(2)?
-8
Suppose 5*u = u. Let x be u - (1 + (1 - 4)). Let j(i) = -4*i + 8 - i**x + i**3 + 6*i**2 + 0*i**3. Give j(-6).
-4
Let m(l) be the first derivative of -3*l**2/2 - 8. Suppose -3*v + 1 - 2 = -4*d, 0 = -2*v + d - 4. What is m(v)?
9
Suppose 8*z = 6*z - 12. Let m(n) = -n - 4. Give m(z).
2
Let t(v) = -3*v - 3. Let l(j) = 2*j - 14. Let z be l(6). Determine t(z).
3
Let w = 15 + -16. Let c(x) = -22*x**2 + 2*x + 1. Calculate c(w).
-23
Let k(b) = 2*b**3 + b**2 - 3*b - 2. Let j be -2*(0 + 4/(-1)). Suppose n = 5*n + j. Determine k(n).
-8
Let g(s) = s**3 + 5*s**2 - 7*s - 9. Suppose 8*m = 4*m - 24. Calculate g(m).
-3
Let m(s) = -s + 1. Let x = -2 + 3. Let j(w) = -3*w + 0 + 8 - 7 - 2*w. Let g be j(x). Determine m(g).
5
Let d(b) = -b**2 - 6*b - 4. Let x = -7 + 9. Suppose -4*k + a + a - 16 = 0, -k + a = x. Give d(k).
-4
Let s(b) = 4*b**2 + b. Let j(t) = -t**2 - 4*t + 1. Let k be j(-4). Suppose -4*c + 3 = -k. Give s(c).
5
Let k(d) = d**2 + 6*d - 2. Let b be k(-6). Let n = b + 1. Let m(i) = -i**3 - i + 1. Let w(f) = 5*f**3 - 4*f + 1. Let l(v) = -2*m(v) + w(v). Calculate l(n).
-6
Suppose 3*b = -0*b + 48. Suppose b = 2*q + 2. Let k = -12 + q. Let t(c) = c**2 + 6*c + 1. What is t(k)?
-4
Let d(s) = s**2 - 6*s + 2. Let o = -12 - -24. Let z = o + -7. Suppose 5*a = z*m, 4*m = -3*a + 4*a + 9. Calculate d(m).
-7
Let j(o) be the third derivative of 0 + 0*o + 0*o**3 + 7/24*o**4 + 3*o**2. Calculate j(1).
7
Let x(p) = -p**3 + p**2 + p + 1. Let z(l) = 6*l**3 - 4*l**2 - 4 - 8*l - 2 + 1. Let d(f) = 5*x(f) + z(f). What is d(-3)?
-9
Let g(v) = v**3 + 2*v - 1. Let h be g(0). Let y(o) = -10*o. Calculate y(h).
10
Let b(f) = -4*f + f - 8 + 3 + 5*f**2 + 2*f + f**3. Let v(r) = -r - 1. Let q be v(4). Calculate b(q).
0
Suppose 7 = -5*u - 4*i - 6, -u + 2*i - 11 = 0. Let b(m) = 2*m + 4. Calculate b(u).
-6
Let x(u) = 2*u - 1. Let a(k) = k**2 + 6*k - 8. Let r be a(-8). Let g be (r/(-3) + 3)*12. What is x(g)?
7
Let n be 1 - (0 - 1) - -3. Let s(h) = h**2 - 5*h + 5. Let x be s(n). Let p(w) = -1 - w - 4*w + w + 2*w. What is p(x)?
-11
Let k(n) = -n**2 + 2*n + 1. Let s be 1*2/4*0. Suppose 3*j + v - 5 = -s*v, -j - v = 1. Calculate k(j).
-2
Suppose 4*v + 72 = -2*v. Let a be v/(-42) + (-2)/7. Let y(p) = p**2 - p - 3. Calculate y(a).
-3
Suppose -c - 4*i - 18 = 0, 3 = -5*i - 22. Let p(o) = -5*o**2 + 1. Give p(c).
-19
Let h = 5 + -3. Let b(q) = -2*q**h + 1 - q - 8 + q**2 + 2*q**2. Calculate b(0).
-7
Let o(t) = -11*t - 5. Let x(b) = -10*b - 4. Let j(v) = 2*o(v) - 3*x(v). Let y(i) = 7*i + 3. Let a(l) = 6*j(l) - 7*y(l). Give a(0).
-9
Let o(v) = -4*v - 2. Suppose w = 4*w. Suppose 0 = -4*c, -3*m + w*m = -4*c + 6. Determine o(m).
6
Let a(y) be the first derivative of -y**3/3 + 32. Let j = -2 - -1. Calculate a(j).
-1
Let d(u) = 5*u. Let k(b) = -b + 2. Let n be k(5). Let s(q) = -q**2 - 5*q - 2. Let a be s(n). Suppose -f = -0*c + c + 1, 2*f + 6 = -a*c. What is d(f)?
5
Let t be 3*1 + 1 + -1. Let x(h) = 4*h + 0 + h**t + 1 + 3*h**2 + 2. Suppose 2*v - 6 = 4*z, 3*v + 7 = -4*z + 2*z. Give x(z).
-1
Let u = 13 - 11. Let s(i) = i - 1. Let x(b) = 6*b - 6. Let d(j) = j - 1. Let p(z) = 20*d(z) - 4*x(z). Let v(r) = u*p(r) + 7*s(r). Give v(-3).
4
Let j(u) = -u**2 + 1. Suppose 0 = -h - 2*h + 6. Determine j(h).
-3
Let m(b) = -1 + 0*b**2 - b + 0*b**2 + 4*b**2. Suppose -10 = 5*t - 30. Let u = -5 + t. Give m(u).
4
Let c(p) = -p - 10. Suppose -3*q + 0*y - 14 = -2*y, -5*q + 2*y = 26. Let k(m) = -2*m - 21. Let v(s) = q*k(s) + 13*c(s). Give v(-7).
3
Let n(c) = c**3 - 2*c**2 + c. Let k = 2 - 0. Let t be n(k). Let u(s) = s - 2 - 1 + t. Calculate u(-4).
-5
Let d(q) be the second derivative of -1/2*q**3 - 1/20*q**5 + 0 + q - 1/3*q**4 + q**2. Let p = -9 + 6. Determine d(p).
2
Let f(a) = -a**3 - 13*a**2 + 13*a - 8. Let u be f(-14). Let d(j) be the first derivative of 5*j + 3*j**2 + 1/4*j**4 + 3 - 7/3*j**3. What is d(u)?
5
Let w(p) = -p - 5. Let l(r) = -22*r + 1. Let u be l(-1). Suppose -4*y = -5*t - 2, -4*t + u = 5*y - 0*y. Let o(g) = g - 7. Let b be o(y). Calculate w(b).
-1
Let w(o) be the third derivative of 0 - 2*o**2 - 11/6*o**3 + 0*o - 1/24*o**4. Calculate w(0).
-11
Let o(q) = q - 2. Let m be o(-2). Suppose 2*u - 2*k = 4, 4*u + 2*k - 26 = -3*k. Let d = u + m. Let f(i) = -i - 1. Calculate f(d).
-1
Suppose 2*o - 5*c + 20 = 0, -6 = -4*o - 4*c + 10. Let u(n) = n**2 - 10. Calculate u(o).
-10
Let x(h) be the third derivative of -h**4/6 - 2*h**2. Suppose 6*c + 15 = 3. Determine x(c).
8
Let d(t) = 3*t + 2. Suppose -2*p = -3 - 1. Give d(p).
8
Let d(f) = -7*f + 4. Let s(m) = 6*m - 4. Let p(v) = -4*d(v) - 5*s(v). Determine p(4).
-4
Let u(s) = s + 12*s - s**2 - 8*s + 6. Let b(w) = w**2 - 4. Let k be b(3). Calculate u(k).
6
Let f(w) = w**3 - 5*w**2 - 8*w + 2. Suppose 14 + 16 = 5*v. Give f(v).
-10
Let m(s) = 6*s - 1. Let r(w) = -w. Let o(q) = -m(q) - 5*r(q). Let y be 4/4 - (1 - -2). Let h(u) = u**3 + 4*u**2 + 3*u + 1. Let v be h(y). Determine o(v).
-2
Let o(x) be the second derivative of x**5/20 + x**4/2 + 2*x**3/3 - 5*x**2/2 - x. Determine o(-5).
0
Let d(s) be the first derivative of s**4 + s**2/2 + 12. What is d(1)?
5
Let j(w) be the third derivative of w**5/60 - w**4/12 + w**2. Let v be 0/((-3)/(-3)*1). Suppose v = -4*q + 3*n + 27, q + 2*n + 0 + 7 = 0. What is j(q)?
3
Let x be (-2)/9 - 29/(-9). Let n(k) = 5*k**2 - 5*k - 1. Let s(j) = 3*j**2 - 3*j - 1. Let c(u) = -4*n(u) + 7*s(u). Determine c(x).
3
Let v(d) = -d**3 - 8*d**2 - 8*d - 4. Let x be v(-7). Let s = x - 1. Suppose 6*o + 8 = 2*o, -s*o = -w - 1. Let m(q) = -q**3 - 5*q**2 + q + 5. Calculate m(w).
0
Let i(z) = 2*z**3 - 2*z - 1. Let p(m) be the second derivative of m**3/3 + 3*m**2/2 + m. Let g be p(-2). Give i(g).
-1
Let i(c) = c**2 + 4*c - 2. Let f(j) = -2*j**2 - 8*j + 4. Let l(z) = 4*f(z) + 9*